 19 = -6*k. Let u be -805 + k + 6 + -6. Let j = -313 - u. Is j a prime number?
False
Let v(t) = -3*t - 27. Let p be v(3). Is 3/12 + (-500427)/p prime?
True
Suppose -45 - 10 = -11*r. Is (2342 - 4) + r/(1 + -2) composite?
False
Let m(j) = -89*j - 52. Let v be m(-5). Suppose -16*l - v = -19*l. Is l composite?
False
Suppose 4*r + 1 - 5 = 0. Let a be r*(4 - 1)*1. Suppose -a*u = 4*c - 574, 4*u + 10 = 2. Is c a prime number?
False
Is 30/(-40) - ((-13736470)/8)/5 composite?
False
Suppose f = 4226 + 8131. Suppose b = 10*b - f. Is b a prime number?
True
Suppose 4*h - 2239053 = 2162497 + 637078. Is h a composite number?
True
Let d be ((-2)/(-4))/(3/12). Let u(s) = -1231*s + 38. Let h(g) = -246*g + 7. Let z(v) = -11*h(v) + 2*u(v). Is z(d) a composite number?
False
Let p = 5380 - 4943. Suppose 3*c + 4 = 13. Suppose -c*n = -2*r + p, -n - 1659 = -5*r - 547. Is r composite?
False
Suppose -3751890 = -13762*x + 13732*x. Is x composite?
False
Suppose -6*a - 7333 + 26275 = 0. Suppose -22753 = -2*j + a. Is j a composite number?
True
Suppose 10*o - 92533 = 177477. Suppose 3*u = -9094 + o. Is u a composite number?
True
Suppose -5*a + 541635 = 5*g, 5*g - a - 815854 = -274195. Is g a prime number?
False
Let f be -4035*4/(-6)*3/6. Let n be (-7)/((-4)/(f*4)). Suppose 35*h + n = 40*h. Is h a prime number?
False
Suppose -4*l - 10*z + 1227832 = 0, -36*l = -34*l + 4*z - 613922. Is l a prime number?
False
Suppose 0 = 3*q - 5*q + 10. Let n(p) = 21*p**2 - 4*p - 12. Is n(q) prime?
False
Let q = 176 - -211. Let p = q - 278. Is p a composite number?
False
Is ((-8)/16)/((-7)/898114) composite?
False
Is 110291043/666 - (-5)/6 a composite number?
True
Suppose -d + 3 = 0, 2*d - 114 = 4*a - 5*a. Let v = a - 104. Suppose t = -0*b - b + 9, 0 = 5*b - v*t - 27. Is b a composite number?
False
Is 723593/39 + ((-8)/(-4))/(-3*1) a prime number?
True
Suppose -6*a - 4*z - 12 = -4*a, -3*a + z = 4. Let j be ((-2451)/(-4))/3 + 8/(-32). Is (j/a)/(-4 - -2) a prime number?
False
Let w(p) be the third derivative of p**6/120 - p**5/20 + p**4/8 + 8749*p**3/6 - 148*p**2. Is w(0) a prime number?
False
Suppose -16*l + 1214681 - 135369 = 0. Is l composite?
True
Let l = -356 - -356. Let b(a) = 4*a + 6731. Is b(l) composite?
True
Let r be (-8595)/(-195) - (-3)/(-39). Suppose 5*y - 3*y = r. Is y prime?
False
Is (-23089800)/(-1020) - (-1)/(-17) prime?
True
Let s = -4894 + 18335. Is s a composite number?
False
Let w(v) = -7*v**3 - 47*v**2 - 17*v - 8. Is w(-21) prime?
True
Let l = 646 + -644. Is (-6999)/l*(-994)/213 a composite number?
True
Suppose -4*g - 4*h + 27616 = 0, -4483 = -3*g + 4*h + 16243. Suppose -79*w + 85*w = g. Is w a composite number?
False
Suppose -453*q + 159236564 = -1155*q + 670515098. Is q a prime number?
True
Let k = 6421 - 5162. Is k a composite number?
False
Let v(h) = 20*h**2 - 13*h + 6. Suppose 2*a + x = 20, -2*x - 19 = -a - 7*x. Is v(a) prime?
False
Suppose 484 + 224 = 6*m. Is 160421/m*((1 - 0) + 1) prime?
True
Is -101*(-10774)/6 + (-160)/120 composite?
False
Let h = 2253 + -1240. Let x = -1267 + 2699. Let c = x - h. Is c a composite number?
False
Suppose 5*s - 5*z = 8424990, -383*s + 379*s + 6739987 = z. Is s a composite number?
True
Suppose 436*g - 431*g + 5*o - 1132155 = 0, -5*g + 2*o + 1132197 = 0. Is g a prime number?
False
Suppose -2*h + 3*j + 104492 = -277385, -3*h + 3*j + 572820 = 0. Is h composite?
True
Let d = 97374 + -40501. Is d prime?
True
Let d be (-2 + 1)/(4/28). Let b be d/21 - 16522/(-3). Suppose 4*p - 2249 = b. Is p a prime number?
False
Let q = 53140 + -37052. Suppose f = -11 + 6, -q = -a - 3*f. Is a composite?
False
Suppose 1470*f - 1496*f + 2676934 = 0. Is f a prime number?
False
Suppose -5*a - 4*n = -180, 0*a - n = -3*a + 125. Suppose -39*q - 10061 = -a*q. Is q composite?
False
Suppose 4*b + 80 = -172. Let c = b - -67. Suppose -3*x - 6059 = -2*w - 2*w, 0 = w - c*x - 1531. Is w a prime number?
True
Suppose 2*g - 169795 = -x, -476*x - 254691 = -3*g - 478*x. Is g composite?
True
Suppose -365*t - 69415056 + 78776926 = -182501475. Is t a prime number?
False
Suppose w + 625 = t, -3*t - 2*w + 1869 = w. Suppose v + 2*d = -357, -4*v + 3*d - 2*d = 1446. Let r = v + t. Is r composite?
False
Let m(j) = -j**3 + 7*j**2 - 8*j - 2. Let a be m(5). Is (-2 + 18/a)*(-18472)/(-2) prime?
True
Let s(l) = -7*l + 24. Let b be s(5). Is 11/(b/573)*4/(-6) prime?
False
Suppose -19*c - 1 = -20*c. Let d(j) = -3*j + c - 5 + 243*j**3 - 113*j**3 - 362*j**3. Is d(-2) a prime number?
False
Suppose 0 = m - 3*h - 942637, 6*h - 4*h + 942637 = m. Is m composite?
False
Let i be 12/15*((-2 - -58) + -1). Suppose i*n - 37*n = -770. Let l = n - -1357. Is l a prime number?
False
Let h = 980 + -185. Let d be -1*5 - (4 - -427). Let p = d + h. Is p composite?
False
Suppose -t + 513489 = p, 28*t - 2053952 = 24*t - 5*p. Is t prime?
False
Let v(n) = -n**3 + n**2 + n - 1. Let d be v(2). Let j be (6/d - -2)/(-2). Suppose -2*m + 5*m - l - 4383 = j, -4*l = 2*m - 2922. Is m a composite number?
True
Let r(i) = -686*i + 64. Let x(c) = -685*c + 64. Let p(y) = 4*r(y) - 5*x(y). Is p(9) composite?
True
Let t(l) = 6838*l**3 - 2*l**2 + 8*l - 5. Suppose -2*b + 2*o = -3*o - 27, 5*b = -2*o - 5. Is t(b) a prime number?
False
Let d(g) be the third derivative of 4*g**4 - 31*g**3/6 - 7*g**2 + 6. Is d(19) prime?
False
Suppose -4*b + 5*j + 688508 = 0, 5*b + 4*j + 214143 = 1074778. Is b prime?
True
Let v(l) = 82*l**2 + 3. Let o(f) = f**3 + 6*f**2 - 7*f - 2. Let w be o(-7). Is v(w) a composite number?
False
Suppose 73*p = 1843397 + 410157 - 558421. Is p prime?
False
Suppose -2*s + 2143260 + 2849938 = 12*s. Is s prime?
False
Let u = 1291209 - 832572. Is u a composite number?
True
Let x = 430 - 427. Suppose -3*w - x*j = -5175, w + 30*j - 25*j - 1741 = 0. Is w a prime number?
True
Let k be -1 + 4135/5 + -5. Let d = -635 + 233. Let i = k + d. Is i a composite number?
False
Let k(i) be the first derivative of 2*i**2 - 2 - 6*i + 4*i**3 - 1/4*i**4. Is k(7) a prime number?
False
Let c = 97 - 99. Let g be 537/c*(2 - 16/4). Suppose -g = -2*v + 635. Is v composite?
True
Suppose 129*q = 24176189 + 17556214. Is q composite?
False
Is ((-4107831)/(-14) + -11)/((-1)/(-2)) a composite number?
False
Let l = -265 - -271. Suppose l*z + 2236 = 7414. Is z prime?
True
Let p(l) = 6*l**3 + 66*l**2 - l - 161. Let m(z) = 9*z**3 + 100*z**2 - z - 241. Let y(d) = 5*m(d) - 8*p(d). Is y(-19) a composite number?
True
Let a(c) = 9220*c + 1891. Is a(7) a composite number?
False
Let o(i) = -13*i**3 + 4*i**2 - 14. Let f be o(-6). Suppose 4*x = 12242 + f. Let p = x + -2552. Is p prime?
False
Let n be (-8)/(-2) + -2 + -2. Suppose -2*k + 8 = n, -4*a + 2*k + 623 + 93 = 0. Let t = a - -640. Is t prime?
True
Let s(z) = 36*z - 146. Let c = 74 - 65. Is s(c) a prime number?
False
Let o(i) = i**3 - 7*i**2 + 12*i - 8. Let z be o(5). Suppose -z*r + 25 = 3*r. Suppose v + 713 = 4*d - 610, 0 = -r*d + 3*v + 1652. Is d a composite number?
False
Is 6 + 924275/5 + 4 a composite number?
True
Let j(k) = 2226*k - 41. Let c(a) = 1113*a - 20. Let p(y) = 9*c(y) - 4*j(y). Is p(5) prime?
False
Suppose 0 = -8*h + 22 + 18. Suppose -5*j - i + 4685 + 4631 = 0, 2*j = -4*i + 3712. Suppose -h*v + p + 6013 + 3325 = 0, -v + j = p. Is v prime?
True
Suppose -251*n + 1237642 + 7287573 = 0. Is n a composite number?
True
Let d(v) = 3733*v**3 - 11*v**2 + 6*v + 37. Is d(6) prime?
False
Is ((-493)/(-68) - -15 - 9)/((-2)/(-103112)) prime?
False
Let f(z) = 255*z - 2. Let j be f(9). Let r = 486 + -489. Is j/3 + (-4)/r*-1 prime?
False
Suppose -3*b + 2 = -4*o, 5*b - 2*o = 12 - 4. Suppose -9*a + 10*a - 8094 = -b*w, 3*w + 2*a = 12139. Is w prime?
True
Suppose 8970 + 16739 = -3*w + 4*h, -2*h = -4*w - 34292. Let p = 13278 + w. Is p a prime number?
True
Let f(r) = 438*r**2 - 60*r - 229. Is f(-18) a prime number?
False
Let y = 110 + -106. Let h be y/(-8) - 964/(-8). Let a = h - 35. Is a a composite number?
True
Suppose 0 = 5*x + 4*l + 5 - 67, -x - l = -12. Let a be -4*(-1)/28 - (-27816)/x. Suppose 5*y - 1498 - a = 0. Is y a prime number?
False
Let o(i) = i + 33. Let b be o(-35). Is (2 - (b + 2))*19670/20 prime?
False
Let w(c) = -1289*c - 2211. Is w(-68) a prime number?
False
Suppose 0 = -3*v - 3, 4*v + 28 = 5*f - 9*f. Let x = 2 + -9. Is (-1514)/f + 12/(-126)*x composite?
True
Suppose 14 = 3*s - 2*s. Let b be 22/(-18) - s/(-63